14
What is the remainder when 6859045 is divided by 550?
545
What is the remainder when 4554879 is divided by 107?
103
Calculate the remainder when 95382 is divided by 47582.
218
Calculate the remainder when 7619123 is divided by 293043.
5
What is the remainder when 549249 is divided by 1722?
1653
Calculate the remainder when 1101780 is divided by 2497.
603
What is the remainder when 5829606 is divided by 2780?
2726
What is the remainder when 26758 is divided by 1085?
718
Calculate the remainder when 767580 is divided by 2875.
2830
What is the remainder when 26559 is divided by 741?
624
What is the remainder when 54359530 is divided by 2105?
10
Calculate the remainder when 461375 is divided by 51228.
323
What is the remainder when 112217 is divided by 3983?
693
Calculate the remainder when 5460562 is divided by 21083.
65
Calculate the remainder when 6468271 is divided by 473.
469
What is the remainder when 21860 is divided by 3434?
1256
What is the remainder when 10481777 is divided by 2620442?
9
Calculate the remainder when 20440370 is divided by 2125.
2120
What is the remainder when 135309 is divided by 326?
19
Calculate the remainder when 2944840 is divided by 1271.
1204
What is the remainder when 31486 is divided by 1873?
1518
What is the remainder when 192177 is divided by 95974?
229
What is the remainder when 57864 is divided by 56701?
1163
What is the remainder when 112234 is divided by 112220?
14
Calculate the remainder when 816392 is divided by 81634.
52
What is the remainder when 3112387 is divided by 1796?
1715
What is the remainder when 110636 is divided by 9?
8
What is the remainder when 691082 is divided by 1795?
7
Calculate the remainder when 426394 is divided by 1019.
452
Calculate the remainder when 4482573 is divided by 71.
59
What is the remainder when 562902 is divided by 140719?
26
Calculate the remainder when 480608 is divided by 4629.
3821
What is the remainder when 7050137 is divided by 5281?
2
What is the remainder when 794317 is divided by 397144?
29
Calculate the remainder when 58873 is divided by 982.
935
What is the remainder when 12182296 is divided by 44?
16
What is the remainder when 2166176 is divided by 1082974?
228
Calculate the remainder when 756099856 is divided by 382.
380
Calculate the remainder when 1320742 is divided by 113.
111
What is the remainder when 98449 is divided by 167?
86
What is the remainder when 8814893 is divided by 21819?
17
What is the remainder when 110088 is divided by 5000?
88
What is the remainder when 104600 is divided by 25794?
1424
What is the remainder when 3294143 is divided by 1743?
1616
Calculate the remainder when 738984 is divided by 1322.
1308
Calculate the remainder when 5186559 is divided by 981.
12
Calculate the remainder when 305998 is divided by 225.
223
What is the remainder when 500897700 is divided by 526?
524
What is the remainder when 19200766 is divided by 799?
796
What is the remainder when 8993411 is divided by 671?
669
Calculate the remainder when 347716 is divided by 31608.
28
Calculate the remainder when 2053261 is divided by 57035.
1
Calculate the remainder when 7654345 is divided by 7654337.
8
Calculate the remainder when 850439 is divided by 207.
83
What is the remainder when 436355 is divided by 25659?
152
Calculate the remainder when 12881 is divided by 4198.
287
Calculate the remainder when 248348 is divided by 3055.
893
What is the remainder when 14943 is divided by 1718?
1199
What is the remainder when 14179419 is divided by 6?
3
What is the remainder when 48858 is divided by 23708?
1442
Calculate the remainder when 80947005 is divided by 742.
741
What is the remainder when 9861415 is divided by 16?
7
What is the remainder when 9019543 is divided by 4964?
4919
Calculate the remainder when 1263372 is divided by 20049.
285
Calculate the remainder when 159311 is divided by 6018.
2843
Calculate the remainder when 635051122 is divided by 4627.
4626
What is the remainder when 107246 is divided by 44?
18
What is the remainder when 761487 is divided by 761461?
26
Calculate the remainder when 2188869 is divided by 230.
189
What is the remainder when 158930067 is divided by 130?
127
What is the remainder when 4355896 is divided by 2210?
2196
Calculate the remainder when 74674 is divided by 14770.
824
What is the remainder when 12446 is divided by 11269?
1177
What is the remainder when 1090520 is divided by 1114?
1028
What is the remainder when 1561856 is divided by 26927?
90
What is the remainder when 818417192 is divided by 33?
32
Calculate the remainder when 93484 is divided by 89028.
4456
Calculate the remainder when 65975 is divided by 460.
195
Calculate the remainder when 8069458 is divided by 4034725.
8
What is the remainder when 21281568 is divided by 161224?
0
Calculate the remainder when 5694109 is divided by 3217.
19
Calculate the remainder when 6624403 is divided by 59679.
34
What is the remainder when 65681 is divided by 104?
57
What is the remainder when 88939 is divided by 88657?
282
Calculate the remainder when 5091076 is divided by 164228.
8
Calculate the remainder when 466744162 is divided by 27.
22
Calculate the remainder when 600274 is divided by 870.
844
What is the remainder when 56787881 is divided by 272?
265
What is the remainder when 346216 is divided by 178?
6
Calculate the remainder when 103989 is divided by 51542.
905
Calculate the remainder when 1612438 is divided by 272.
22
What is the remainder when 11416659 is divided by 545?
544
Calculate the remainder when 331204 is divided by 166.
34
What is the remainder when 3254702 is divided by 578?
562
Calculate the remainder when 340776207 is divided by 5762.
3
Calculate the remainder when 26192741 is divided by 199.
162
What is the remainder when 735139 is divided by 5290?
5119
What is the remainder when 446186 is divided by 148681?
143
Calculate the remainder when 3019112 is divided by 88797.
14
Calculate the remainder when 5693 is divided by 637.
597
What is the remainder when 55691359 is divided by 856?
855
Calculate the remainder when 1728230 is divided by 6750.
230
What is the remainder when 67363 is divided by 229?
37
Calculate the remainder when 55526 is divided by 4407.
2642
Calculate the remainder when 2317074 is divided by 373.
371
Calculate the remainder when 724816 is divided by 6837.
94
Calculate the remainder when 703392 is divided by 1404.
1392
Calculate the remainder when 172632 is divided by 16728.
5352
Calculate the remainder when 252429089 is divided by 34.
33
What is the remainder when 2075672 is divided by 2075573?
99
Calculate the remainder when 41799 is divided by 745.
79
Calculate the remainder when 111628185 is divided by 111628179.
6
Calculate the remainder when 30264667 is divided by 10088222.
1
What is the remainder when 49190667 is divided by 2005?
2002
What is the remainder when 553131 is divided by 79016?
19
What is the remainder when 1417564 is divided by 4157?
27
Calculate the remainder when 33447 is divided by 13490.
6467
What is the remainder when 440740 is divided by 146725?
565
What is the remainder when 774243 is divided by 154838?
53
Calculate the remainder when 633059 is divided by 105425.
509
What is the remainder when 7839465 is divided by 310?
185
Calculate the remainder when 3448677 is divided by 708.
9
Calculate the remainder when 73181254 is divided by 462.
454
Calculate the remainder when 9222961 is divided by 1024773.
4
What is the remainder when 105384 is divided by 3290?
104
What is the remainder when 224517 is divided by 22?
7
What is the remainder when 543910 is divided by 5804?
4138
What is the remainder when 660455 is divided by 1785?
5
Calculate the remainder when 96016 is divided by 2505.
826
What is the remainder when 305559 is divided by 236?
175
Calculate the remainder when 98180 is divided by 1628.
500
What is the remainder when 1141725 is divided by 1978?
419
Calculate the remainder when 150938106 is divided by 63.
60
Calculate the remainder when 12049798 is divided by 10.
8
Calculate the remainder when 106572 is divided by 105729.
843
What is the remainder when 1574062 is divided by 6347?
6
What is the remainder when 594674 is divided by 839?
662
Calculate the remainder when 4725011 is divided by 229.
54
Calculate the 